{"id":385,"date":"2020-04-23T14:18:03","date_gmt":"2020-04-23T12:18:03","guid":{"rendered":"https:\/\/www.tauriska.at\/shop\/?post_type=product&#038;p=385"},"modified":"2022-02-11T05:59:37","modified_gmt":"2022-02-11T04:59:37","slug":"alles-ist-so-wie-immer-nur-du-fehlst","status":"publish","type":"product","link":"https:\/\/www.tauriska.at\/shop\/produkt\/alles-ist-so-wie-immer-nur-du-fehlst\/","title":{"rendered":"Alles ist so wie immer \u2013 nur du fehlst!"},"content":{"rendered":"<p>Menschen interessieren ihn, ihre Schicksale und Lebensgeschichten. Menschen in allen Situationen, im Gl\u00fcck und im Schmerz. Mehr als zehn Jahre lang hat Walter M\u00fcller Menschen beim Abschied von dieser Welt begleitet, hat an die 500 Trauerreden gehalten und 500 trauernden Familien aufmerksam zugeh\u00f6rt. F\u00fcr die Hospiz- und Palliativ-Institutionen in Salzburg h\u00e4lt er au\u00dferdem immer wieder Festreden und Vortr\u00e4ge, die einiges \u00fcber die Trauer, viel mehr aber \u00fcber das Leben aussagen. Als \u201eunbeirrbarer Humanist\u201c mit Mut zur Selbstironie erz\u00e4hlt er von seinen Erfahrungen in den wichtigen Momenten des Lebens, besch\u00e4ftigt sich mit Denk- und Merkw\u00fcrdigkeiten unserer Sprache und widmet sich seinen heimlichen Wegbegleitern, den Clowns.<\/p>\n<p>Walter M\u00fcller, geboren 1950 in Salzburg, lebt und arbeitet in seiner Geburtsstadt \u2013 und das wird wohl auch so bleiben. Schreiben war und ist seine Leidenschaft &#8211; ob als Journalist, Kulturredakteur, Dramaturg am Salzburger Landestheater oder &#8211; seit 1981 &#8211; als freischaffender Schriftsteller. Seine Interessensgebiete sind weit gef\u00e4chert, dementsprechend \u201ebunt\u201c ist auch sein Schaffen. Das reicht von drei CDs mit selbst verfassten und selbst gesungenen Kinderliedern \u00fcber 20 Buchver\u00f6ffentlichungen, zwei Dutzend aufgef\u00fchrte Theaterst\u00fccke, viele Geschichten und Gedichte zum Advent bis zu Coupletstrophen, u.a. f\u00fcr Helmut Lohner und Otto Schenk, Operettenbearbeitungen f\u00fcr die Seefestspiele M\u00f6rbisch, H\u00f6rfunk- und Zeitungsfeuilletons, Fernsehsatiren, Fest- und Trauerreden.<\/p>\n<p>Walter M\u00fcller<br \/>\nAlles ist so wie immer \u2013 nur du fehlst!<br \/>\nEssays und Reden \u00fcber das Leben und den Tod \u00fcber Gott und die Welt<br \/>\nSoftcover, Format 20 x 12,5 cm, 224 Seiten<br \/>\nISBN: 978-3-901257-59-9<\/p>\n","protected":false},"excerpt":{"rendered":"<p>Menschen interessieren ihn, ihre Schicksale und Lebensgeschichten. Menschen in allen Situationen, im Gl\u00fcck und im Schmerz. Mehr als zehn Jahre lang hat Walter M\u00fcller Menschen beim Abschied von dieser Welt begleitet, hat an die 500 Trauerreden gehalten und 500 trauernden Familien aufmerksam zugeh\u00f6rt. F\u00fcr die Hospiz- und Palliativ-Institutionen in Salzburg h\u00e4lt er au\u00dferdem immer wieder&#8230;<\/p>\n","protected":false},"featured_media":709,"comment_status":"open","ping_status":"closed","template":"","meta":[],"product_brand":[],"product_cat":[40],"product_tag":[55,156,134,155,154],"class_list":{"0":"post-385","1":"product","2":"type-product","3":"status-publish","4":"has-post-thumbnail","6":"product_cat-buch","7":"product_tag-salzburg","8":"product_tag-schriftsteller","9":"product_tag-tauriska","10":"product_tag-trauerreden","11":"product_tag-walter-mueller","13":"first","14":"instock","15":"taxable","16":"shipping-taxable","17":"purchasable","18":"product-type-simple"},"_links":{"self":[{"href":"https:\/\/www.tauriska.at\/shop\/wp-json\/wp\/v2\/product\/385","targetHints":{"allow":["GET"]}}],"collection":[{"href":"https:\/\/www.tauriska.at\/shop\/wp-json\/wp\/v2\/product"}],"about":[{"href":"https:\/\/www.tauriska.at\/shop\/wp-json\/wp\/v2\/types\/product"}],"replies":[{"embeddable":true,"href":"https:\/\/www.tauriska.at\/shop\/wp-json\/wp\/v2\/comments?post=385"}],"wp:featuredmedia":[{"embeddable":true,"href":"https:\/\/www.tauriska.at\/shop\/wp-json\/wp\/v2\/media\/709"}],"wp:attachment":[{"href":"https:\/\/www.tauriska.at\/shop\/wp-json\/wp\/v2\/media?parent=385"}],"wp:term":[{"taxonomy":"product_brand","embeddable":true,"href":"https:\/\/www.tauriska.at\/shop\/wp-json\/wp\/v2\/product_brand?post=385"},{"taxonomy":"product_cat","embeddable":true,"href":"https:\/\/www.tauriska.at\/shop\/wp-json\/wp\/v2\/product_cat?post=385"},{"taxonomy":"product_tag","embeddable":true,"href":"https:\/\/www.tauriska.at\/shop\/wp-json\/wp\/v2\/product_tag?post=385"}],"curies":[{"name":"wp","href":"https:\/\/api.w.org\/{rel}","templated":true}]}}