{"id":231,"date":"2019-03-02T11:44:24","date_gmt":"2019-03-02T10:44:24","guid":{"rendered":"https:\/\/www.tauriska.at\/shop\/?post_type=product&#038;p=231"},"modified":"2022-02-11T06:00:48","modified_gmt":"2022-02-11T05:00:48","slug":"samt-und-seide-im-historischen-tirol","status":"publish","type":"product","link":"https:\/\/www.tauriska.at\/shop\/produkt\/samt-und-seide-im-historischen-tirol\/","title":{"rendered":"Samt und Seide im Historischen Tirol"},"content":{"rendered":"<p><strong>Samt und Seide im Historischen Tirol von Richard Vill<\/strong><br \/>\nhrsg. im Verlag der Europ\u00e4ischen Textilakademie<br \/>\nISBN Nr. 978-88-942606-01<br \/>\n412 Seiten mit 335 Farbbilder und 53 s\/w Abb., 30 x 24 cm,<br \/>\nHardcover, Kapitalband, fadengeheftet<\/p>\n","protected":false},"excerpt":{"rendered":"<p>Klappentext<br \/>\nSamt und Seide waren die prestigetr\u00e4chtigsten Stoffe. Die zentrale Lage im Herzen Europas hat dazu gef\u00fchrt, dass in der Europaregion Tirol heute eine Reihe von \u00e4u\u00dferst wertvollen textilen Kunstsch\u00e4tzen vorhanden sind, einige einzigartig im internationalen Kontext. Kunstwerke, die in der Region entstanden sind oder f\u00fcr die Region angefertigt oder angekauft wurden \u2013 eine Region, die durch die dynastische Politik seiner weltlichen und geistlichen Herrscher ab dem 11. Jahrhundert das politische Gebilde, aber auch den Kulturraum gepr\u00e4gt haben. Die kulturelle Bedeutung von Textilien spiegelt sich allein schon in der Vielfalt, in der sie hergestellt worden sind sowie in den zahlreich erhalten gebliebenen Objekten, was angesichts ihrer eher fragilen Natur umso bemerkenswerter erscheint. Sie verraten neben erstaunlichen technischen F\u00e4higkeiten auch den hohen rituellen Wert, der Textilien stets beigemessen wurde. Textilien geh\u00f6ren zu den am meisten gef\u00e4hrdeten historischen Kunstwerken. So sind auch mittelalterliche Paramente nur vereinzelt und in geringer Zahl erhalten, die nach wie vor die breiteste Forschungsgrundlage f\u00fcr die Textilgeschichte des Mittelalters darstellen.<br \/>\nDem Wandel der gesellschaftlichen Strukturen und den wirtschaftlichen Bedingungen entsprechend tritt neben Landesf\u00fcrstentum und Adel ab dem sp\u00e4ten Mittelalter das B\u00fcrgertum mit wachsenden W\u00fcnschen nach anspruchsvoller Kleidung und Ausstattung seines Lebensraumes auf. Die unterschiedlichen Objekte aus Samt und Seide \u2013 von prachtvollen Tapisserien, liturgischen und profanen textilen Kostbarkeiten bis hin zur Mode aus vergangenen Jahrhunderten \u2013 sind einzigartige Zeugnisse vergangener Pracht und Herrschaft, welche die Geschichte jener Zeit anschaulich vermitteln.<br \/>\nIn Bezug auf die Entwicklung der Technik und der Herstellungsverfahren, verkn\u00fcpft mit der Wirtschafts- und Textilgeschichte des Landes zeigt Tirol mit seinen verschiedenen lokalen produktiven Schwerpunkten in der Textilverarbeitung \u2013 gleich einer Arbeitsteilung entsprechend \u2013 ein breitgef\u00e4chertes funktionierendes Wirtschaftsgef\u00fcge. Die Seidenproduktion im S\u00fcden des Landes, beginnend mit der Pflanzung von Maulbeerb\u00e4umen f\u00fcr die Seidenraupenzucht, und sp\u00e4ter mit der Produktion der Seidengarne und Seidenstoffe galt als eigentliche Grundlage des Wohlstandes im Trentino und S\u00fcdtiroler Unterland. Die besondere geografische Lage Alt-Tirols als Verbindungspunkt s\u00fcdlicher und n\u00f6rdlicher Kulturen machte die wirtschaftliche Entwicklung des Textilsektors und den Handel mit textilen Erzeugnissen zu einem bemerkenswerten Drehpunkt im europ\u00e4ischen Raum.<\/p>\n<p>Autor<br \/>\nRichard Vill, S\u00fcdtiroler Modedesigner und Autor, arbeitet vorwiegend mit Naturfasern. Schon zu Beginn seiner beruflichen Laufbahn hat der dem textilen Handwerk und der textilen Kunst einen neuen Stellenwert gegeben. Das Zusammenspiel und der Kreislauf von Regionalit\u00e4t, \u00d6kologie und \u00d6konomie sind f\u00fcr ihn von zentraler Bedeutung. Er ist Referent in der Meisterausbildung f\u00fcr Mode, Werkstoffkunde und Textil\u00f6kologie. Seine intensive Spurensuche nach textilen Kulturg\u00fctern und teils weit verstreuten Urkunden, Pl\u00e4nen sowie fotografischem Bildmaterial zu Samt und Seide im Historischen Tirol erfahren nun erstmals eine umfassende Dokumentation.<\/p>\n<p>Europ\u00e4ische Textilakademie<br \/>\nLauben 71, 39100 Bozen<br \/>\nTel. Nr. +39 0471-979395<br \/>\nMail: info@eurotextileacademy.com<\/p>\n","protected":false},"featured_media":719,"comment_status":"open","ping_status":"closed","template":"","meta":[],"product_brand":[],"product_cat":[40],"product_tag":[147,148,146,145],"class_list":{"0":"post-231","1":"product","2":"type-product","3":"status-publish","4":"has-post-thumbnail","6":"product_cat-buch","7":"product_tag-europaeische-textilakademie","8":"product_tag-maximillian","9":"product_tag-richard-vill","10":"product_tag-samt-und-seide","12":"first","13":"instock","14":"taxable","15":"shipping-taxable","16":"purchasable","17":"product-type-simple"},"_links":{"self":[{"href":"https:\/\/www.tauriska.at\/shop\/wp-json\/wp\/v2\/product\/231","targetHints":{"allow":["GET"]}}],"collection":[{"href":"https:\/\/www.tauriska.at\/shop\/wp-json\/wp\/v2\/product"}],"about":[{"href":"https:\/\/www.tauriska.at\/shop\/wp-json\/wp\/v2\/types\/product"}],"replies":[{"embeddable":true,"href":"https:\/\/www.tauriska.at\/shop\/wp-json\/wp\/v2\/comments?post=231"}],"wp:featuredmedia":[{"embeddable":true,"href":"https:\/\/www.tauriska.at\/shop\/wp-json\/wp\/v2\/media\/719"}],"wp:attachment":[{"href":"https:\/\/www.tauriska.at\/shop\/wp-json\/wp\/v2\/media?parent=231"}],"wp:term":[{"taxonomy":"product_brand","embeddable":true,"href":"https:\/\/www.tauriska.at\/shop\/wp-json\/wp\/v2\/product_brand?post=231"},{"taxonomy":"product_cat","embeddable":true,"href":"https:\/\/www.tauriska.at\/shop\/wp-json\/wp\/v2\/product_cat?post=231"},{"taxonomy":"product_tag","embeddable":true,"href":"https:\/\/www.tauriska.at\/shop\/wp-json\/wp\/v2\/product_tag?post=231"}],"curies":[{"name":"wp","href":"https:\/\/api.w.org\/{rel}","templated":true}]}}

<p><strong>Samt und Seide im Historischen Tirol von Richard Vill</strong><br />
hrsg. im Verlag der Europäischen Textilakademie<br />
ISBN Nr. 978-88-942606-01<br />
412 Seiten mit 335 Farbbilder und 53 s/w Abb., 30 x 24 cm,<br />
Hardcover, Kapitalband, fadengeheftet</p>

<p>Klappentext<br />
Samt und Seide waren die prestigeträchtigsten Stoffe. Die zentrale Lage im Herzen Europas hat dazu geführt, dass in der Europaregion Tirol heute eine Reihe von äußerst wertvollen textilen Kunstschätzen vorhanden sind, einige einzigartig im internationalen Kontext. Kunstwerke, die in der Region entstanden sind oder für die Region angefertigt oder angekauft wurden – eine Region, die durch die dynastische Politik seiner weltlichen und geistlichen Herrscher ab dem 11. Jahrhundert das politische Gebilde, aber auch den Kulturraum geprägt haben. Die kulturelle Bedeutung von Textilien spiegelt sich allein schon in der Vielfalt, in der sie hergestellt worden sind sowie in den zahlreich erhalten gebliebenen Objekten, was angesichts ihrer eher fragilen Natur umso bemerkenswerter erscheint. Sie verraten neben erstaunlichen technischen Fähigkeiten auch den hohen rituellen Wert, der Textilien stets beigemessen wurde. Textilien gehören zu den am meisten gefährdeten historischen Kunstwerken. So sind auch mittelalterliche Paramente nur vereinzelt und in geringer Zahl erhalten, die nach wie vor die breiteste Forschungsgrundlage für die Textilgeschichte des Mittelalters darstellen.<br />
Dem Wandel der gesellschaftlichen Strukturen und den wirtschaftlichen Bedingungen entsprechend tritt neben Landesfürstentum und Adel ab dem späten Mittelalter das Bürgertum mit wachsenden Wünschen nach anspruchsvoller Kleidung und Ausstattung seines Lebensraumes auf. Die unterschiedlichen Objekte aus Samt und Seide – von prachtvollen Tapisserien, liturgischen und profanen textilen Kostbarkeiten bis hin zur Mode aus vergangenen Jahrhunderten – sind einzigartige Zeugnisse vergangener Pracht und Herrschaft, welche die Geschichte jener Zeit anschaulich vermitteln.<br />
In Bezug auf die Entwicklung der Technik und der Herstellungsverfahren, verknüpft mit der Wirtschafts- und Textilgeschichte des Landes zeigt Tirol mit seinen verschiedenen lokalen produktiven Schwerpunkten in der Textilverarbeitung – gleich einer Arbeitsteilung entsprechend – ein breitgefächertes funktionierendes Wirtschaftsgefüge. Die Seidenproduktion im Süden des Landes, beginnend mit der Pflanzung von Maulbeerbäumen für die Seidenraupenzucht, und später mit der Produktion der Seidengarne und Seidenstoffe galt als eigentliche Grundlage des Wohlstandes im Trentino und Südtiroler Unterland. Die besondere geografische Lage Alt-Tirols als Verbindungspunkt südlicher und nördlicher Kulturen machte die wirtschaftliche Entwicklung des Textilsektors und den Handel mit textilen Erzeugnissen zu einem bemerkenswerten Drehpunkt im europäischen Raum.</p>
<p>Autor<br />
Richard Vill, Südtiroler Modedesigner und Autor, arbeitet vorwiegend mit Naturfasern. Schon zu Beginn seiner beruflichen Laufbahn hat der dem textilen Handwerk und der textilen Kunst einen neuen Stellenwert gegeben. Das Zusammenspiel und der Kreislauf von Regionalität, Ökologie und Ökonomie sind für ihn von zentraler Bedeutung. Er ist Referent in der Meisterausbildung für Mode, Werkstoffkunde und Textilökologie. Seine intensive Spurensuche nach textilen Kulturgütern und teils weit verstreuten Urkunden, Plänen sowie fotografischem Bildmaterial zu Samt und Seide im Historischen Tirol erfahren nun erstmals eine umfassende Dokumentation.</p>
<p>Europäische Textilakademie<br />
Lauben 71, 39100 Bozen<br />
Tel. Nr. +39 0471-979395<br />
Mail: info@eurotextileacademy.com</p>
