{"id":1624,"date":"2019-09-01T16:04:38","date_gmt":"2019-09-01T14:04:38","guid":{"rendered":"https:\/\/www.tauriska.at\/kohr\/?post_type=tribe_events&#038;p=1624"},"modified":"2019-09-08T10:00:20","modified_gmt":"2019-09-08T08:00:20","slug":"ausstellung-symbole-und-farben","status":"publish","type":"tribe_events","link":"https:\/\/www.tauriska.at\/kohr\/event\/ausstellung-symbole-und-farben\/","title":{"rendered":"Ausstellung Symbole und Farben"},"content":{"rendered":"<blockquote><p><strong>Symbole und Farben in kaukasischen und alpinen Flachgeweben<\/strong><\/p><\/blockquote>\n<p>Die Europ\u00e4ische Textilakademie l\u00e4dt Sie herzlich zu der Ausstellungser\u00f6ffnung ein.<br \/>\n<strong>Donnerstag, 12. September um 17:00 Uhr, Merkantilmuseum, Silbergasse 6, Bozen<\/strong><\/p>\n<p>Begr\u00fc\u00dfung<br \/>\n<strong>Richard Vill<\/strong>, Pr\u00e4sident der Europ\u00e4ischen Textilakademie<\/p>\n<p>Gru\u00dfwort<br \/>\n<strong>On. Dr. Michl Ebner<\/strong>, Pr\u00e4sident der Handelskammer Bozen<\/p>\n<p><strong>S.E. Mammad Ahmadzada, <\/strong>Botschafter der Republik Azerbaijan in Italien<\/p>\n<p>Die Sammlung WINCOR<br \/>\n<strong>Arch. Dr. Alberto Boralevi<\/strong>, Int. Fachexperte f\u00fcr Teppiche und Textilien<\/p>\n<p>Defregger Teppiche aus dem Pustertal<br \/>\n<strong>Peter Bichler<\/strong>, Vorsitzender des int. Komitee der ICOC- Int. Conference on Oriental Carpets<\/p>\n<p>Wir freuen uns Sie zu begr\u00fc\u00dfen.<\/p>\n<p>&nbsp;<\/p>\n<p>Fotonachweis &#8211; Einladung Europ\u00e4ische Textilakademie Bozen<br \/>\n<em>Links: Kilim Palas, Azerbaijan, Sammlung WINCOR, 282 x 194 cm, Anfang des 20. Jahrhunderts. <\/em><br \/>\n<em>Rechts: Defregger Teppich, St. Sigmund \/Pustertal, 276 x 55,5 cm., Mitte des 18. Jahrhunderts.<\/em><\/p>\n<p>&nbsp;<\/p>\n<p>Einladung <a href=\"\/download\/kohr\/Einladung_erotextile_flyer.pdf\"><strong>Symbole und Farben in kaukasischen und alpinen Flachgeweben<\/strong><\/a> (pdf).<\/p>\n<p>Plakat <a href=\"\/download\/kohr\/erotextile_academy_plane.pdf\"><strong>Symbole und Farben in kaukasischen und alpinen Flachgeweben<\/strong><\/a> (pdf).<\/p>\n<p>Pressetext <a href=\"\/download\/kohr\/Pressetext-erotextile.pdf\"><strong>Symbole und Farben in kaukasischen und alpinen Flachgeweben<\/strong><\/a> (pdf).<\/p>\n","protected":false},"excerpt":{"rendered":"<p>Symbole und Farben in kaukasischen und alpinen Flachgeweben Die Europ\u00e4ische Textilakademie l\u00e4dt Sie herzlich zu der Ausstellungser\u00f6ffnung ein. Donnerstag, 12. September um 17:00 Uhr, Merkantilmuseum, Silbergasse 6, Bozen Begr\u00fc\u00dfung Richard [&hellip;]<\/p>\n","protected":false},"author":3,"featured_media":1629,"template":"","meta":{"_tribe_events_status":"","_tribe_events_status_reason":"","footnotes":""},"tags":[116,121,113,119,117,114,122,118,120,115,104],"tribe_events_cat":[93],"class_list":["post-1624","tribe_events","type-tribe_events","status-publish","has-post-thumbnail","hentry","tag-bozen","tag-defregger-teppiche","tag-europaeische-textilakademie-bozen","tag-handelskammer-bozen","tag-leopold-kohr-akademie","tag-merkantilmuseum","tag-pustertal","tag-richard-vill","tag-sammlung-wincor","tag-suedtirol","tag-tauriska","tribe_events_cat-ausstellung","cat_ausstellung"],"_links":{"self":[{"href":"https:\/\/www.tauriska.at\/kohr\/wp-json\/wp\/v2\/tribe_events\/1624"}],"collection":[{"href":"https:\/\/www.tauriska.at\/kohr\/wp-json\/wp\/v2\/tribe_events"}],"about":[{"href":"https:\/\/www.tauriska.at\/kohr\/wp-json\/wp\/v2\/types\/tribe_events"}],"author":[{"embeddable":true,"href":"https:\/\/www.tauriska.at\/kohr\/wp-json\/wp\/v2\/users\/3"}],"version-history":[{"count":12,"href":"https:\/\/www.tauriska.at\/kohr\/wp-json\/wp\/v2\/tribe_events\/1624\/revisions"}],"predecessor-version":[{"id":1638,"href":"https:\/\/www.tauriska.at\/kohr\/wp-json\/wp\/v2\/tribe_events\/1624\/revisions\/1638"}],"wp:featuredmedia":[{"embeddable":true,"href":"https:\/\/www.tauriska.at\/kohr\/wp-json\/wp\/v2\/media\/1629"}],"wp:attachment":[{"href":"https:\/\/www.tauriska.at\/kohr\/wp-json\/wp\/v2\/media?parent=1624"}],"wp:term":[{"taxonomy":"post_tag","embeddable":true,"href":"https:\/\/www.tauriska.at\/kohr\/wp-json\/wp\/v2\/tags?post=1624"},{"taxonomy":"tribe_events_cat","embeddable":true,"href":"https:\/\/www.tauriska.at\/kohr\/wp-json\/wp\/v2\/tribe_events_cat?post=1624"}],"curies":[{"name":"wp","href":"https:\/\/api.w.org\/{rel}","templated":true}]}}

<blockquote><p><strong>Symbole und Farben in kaukasischen und alpinen Flachgeweben</strong></p></blockquote>
<p>Die Europäische Textilakademie lädt Sie herzlich zu der Ausstellungseröffnung ein.<br />
<strong>Donnerstag, 12. September um 17:00 Uhr, Merkantilmuseum, Silbergasse 6, Bozen</strong></p>
<p>Begrüßung<br />
<strong>Richard Vill</strong>, Präsident der Europäischen Textilakademie</p>
<p>Grußwort<br />
<strong>On. Dr. Michl Ebner</strong>, Präsident der Handelskammer Bozen</p>
<p><strong>S.E. Mammad Ahmadzada, </strong>Botschafter der Republik Azerbaijan in Italien</p>
<p>Die Sammlung WINCOR<br />
<strong>Arch. Dr. Alberto Boralevi</strong>, Int. Fachexperte für Teppiche und Textilien</p>
<p>Defregger Teppiche aus dem Pustertal<br />
<strong>Peter Bichler</strong>, Vorsitzender des int. Komitee der ICOC- Int. Conference on Oriental Carpets</p>
<p>Wir freuen uns Sie zu begrüßen.</p>
<p>&nbsp;</p>
<p>Fotonachweis &#8211; Einladung Europäische Textilakademie Bozen<br />
<em>Links: Kilim Palas, Azerbaijan, Sammlung WINCOR, 282 x 194 cm, Anfang des 20. Jahrhunderts. </em><br />
<em>Rechts: Defregger Teppich, St. Sigmund /Pustertal, 276 x 55,5 cm., Mitte des 18. Jahrhunderts.</em></p>
<p>&nbsp;</p>
<p>Einladung <a href="/download/kohr/Einladung_erotextile_flyer.pdf"><strong>Symbole und Farben in kaukasischen und alpinen Flachgeweben</strong></a> (pdf).</p>
<p>Plakat <a href="/download/kohr/erotextile_academy_plane.pdf"><strong>Symbole und Farben in kaukasischen und alpinen Flachgeweben</strong></a> (pdf).</p>
<p>Pressetext <a href="/download/kohr/Pressetext-erotextile.pdf"><strong>Symbole und Farben in kaukasischen und alpinen Flachgeweben</strong></a> (pdf).</p>

<p>Symbole und Farben in kaukasischen und alpinen Flachgeweben Die Europäische Textilakademie lädt Sie herzlich zu der Ausstellungseröffnung ein. Donnerstag, 12. September um 17:00 Uhr, Merkantilmuseum, Silbergasse 6, Bozen Begrüßung Richard [&hellip;]</p>
