{"id":273,"date":"2017-11-01T11:19:19","date_gmt":"2017-11-01T11:19:19","guid":{"rendered":"http:\/\/demo.wphash.com\/alap\/?page_id=5"},"modified":"2018-05-03T07:19:59","modified_gmt":"2018-05-03T05:19:59","slug":"home","status":"publish","type":"page","link":"https:\/\/www.tauriska.at\/kohr\/","title":{"rendered":"Home"},"content":{"rendered":"<p><section class=\"kc-elm kc-css-888368 kc_row two\"><div class=\"kc-row-container\"><div class=\"kc-wrap-columns\"><div class=\"kc-elm kc-css-730684 kc_col-sm-12 kc_column kc_col-sm-12\"><div class=\"kc-col-container\">\t\t<div class=\"slider-area kc-elm kc-css-563190 \">\n\t\t\t<!--Alap Slider-->\n\t\t    <div class=\"slider-owl owl-theme owl-carousel\">\n\t\t       \t\t\t        <!--Alap Slide Item Start-->\n\n\t        <div class=\"single-slide item gradient-overlay\" style=\"background-image: url(https:\/\/www.tauriska.at\/kohr\/wp-content\/uploads\/2017\/11\/kohr.jpg);\">\n\n                    <div class=\"slider-content-area\">  \n                        <div class=\"container\">\n                            <div class=\"row\">\n                                <div class=\"col-xs-12\"> \n                                    <div class=\"slide-content-wrapper\">\n                                        <div class=\"slide-content\">\n\t\t\t\t\t\t\t\t\t\t\t<style type=\"text\/css\"><\/style>\n<section class=\"kc-elm kc-css-863875 kc_row\">\n<div class=\"kc-row-container  kc-container\">\n<div class=\"kc-wrap-columns\">\n<div class=\"kc-elm kc-css-280695 kc_col-sm-12 kc_column kc_col-sm-12\">\n<div class=\"kc-col-container\">\n<div class=\"kc-elm kc-css-820443 kc-title-wrap \">\n<h2 class=\"kc_title\">Leopold Kohr Akademie<\/h2>\n<\/div>\n<\/div>\n<\/div>\n<\/div>\n<\/div>\n<\/section>\n<section class=\"kc-elm kc-css-95125 kc_row\">\n<div class=\"kc-row-container  kc-container\">\n<div class=\"kc-wrap-columns\">\n<div class=\"kc-elm kc-css-343168 kc_col-sm-12 kc_column kc_col-sm-12\">\n<div class=\"kc-col-container\">\n<div class=\"kc-elm kc-css-427808 kc_text_block\">\n<p>Wissenschaftliche Be- und Aufarbeitung des gesamten Nachlasses von Leopold Kohr.<\/p>\n<\/div>\n<\/div>\n<\/div>\n<\/div>\n<\/div>\n<\/section>\n                                        <\/div>\n                                    <\/div>\n                                <\/div>\n                            <\/div>\n                        <\/div>\n                    <\/div>\n\n\t        <\/div>\n\n\n\t\t        <!--Alap Slide Item End-->\n\t        \t\t\t        <!--Alap Slide Item Start-->\n\n\t        <div class=\"single-slide item gradient-overlay\" style=\"background-image: url(https:\/\/www.tauriska.at\/kohr\/wp-content\/uploads\/2018\/05\/kalastallneu2.jpg);\">\n\n                    <div class=\"slider-content-area\">  \n                        <div class=\"container\">\n                            <div class=\"row\">\n                                <div class=\"col-xs-12\"> \n                                    <div class=\"slide-content-wrapper\">\n                                        <div class=\"slide-content\">\n\t\t\t\t\t\t\t\t\t\t\t<style type=\"text\/css\">body.kc-css-system .kc-css-702701.kc_title,body.kc-css-system .kc-css-702701 .kc_title,body.kc-css-system .kc-css-702701 .kc_title a.kc_title_link{margin-top: 0px;margin-bottom: 0px;}body.kc-css-system .kc-css-745893 ,body.kc-css-system .kc-css-745893 p{color: #ffffff;font-size: 3px;}body.kc-css-system .kc-css-208465 .kc_button{color: #ffffff;background-color: #0e5c2a;font-weight: 500;border-radius: 23px 23px 23px 23px;padding: 13px 40px 13px 40px;}body.kc-css-system .kc-css-208465 .kc_button:hover{color: #0e5c2a;background-color: #ffffff;}<\/style>\n<section class=\"kc-elm kc-css-840571 kc_row\">\n<div class=\"kc-row-container  kc-container\">\n<div class=\"kc-wrap-columns\">\n<div class=\"kc-elm kc-css-245849 kc_column kc_col-sm-12\">\n<div class=\"kc-col-container\">\n<div class=\"kc-elm kc-css-702701 kc-title-wrap \">\n<h2 class=\"kc_title\">Verein Tauriska<\/h2>\n<\/div>\n<\/div>\n<\/div>\n<\/div>\n<\/div>\n<\/section>\n<section class=\"kc-elm kc-css-979822 kc_row\">\n<div class=\"kc-row-container  kc-container\">\n<div class=\"kc-wrap-columns\">\n<div class=\"kc-elm kc-css-291778 kc_col-sm-12 kc_column kc_col-sm-12\">\n<div class=\"kc-col-container\">\n<div class=\"kc-elm kc-css-745893 kc_text_block\">\n<p>Verein zur F\u00f6rderung eigener Kultur- und Regionalentwicklung in der Region\u00a0Nationalpark Hohe Tauern.<\/p>\n<\/div>\n<\/div>\n<\/div>\n<\/div>\n<\/div>\n<\/section>\n<section class=\"kc-elm kc-css-194344 kc_row\">\n<div class=\"kc-row-container  kc-container\">\n<div class=\"kc-wrap-columns\">\n<div class=\"kc-elm kc-css-44954 kc_col-sm-12 kc_column kc_col-sm-12\">\n<div class=\"kc-col-container\">\n<div class=\"kc-elm kc-css-208465\">\n\t<a class=\"kc_button\" href=\"https:\/\/www.tauriska.at\" target=\"_blank\" title=\"Verein Tauriska\" onclick=\"\"><br \/>\n\t\tZum Verein Tauriska\t<\/a>\n<\/div>\n<\/div>\n<\/div>\n<\/div>\n<\/div>\n<\/section>\n                                        <\/div>\n                                    <\/div>\n                                <\/div>\n                            <\/div>\n                        <\/div>\n                    <\/div>\n\n\t        <\/div>\n\n\n\t\t        <!--Alap Slide Item End-->\n\t        \t\t    \t<\/div>\n\t\t<\/div>\n\n\n\t\t<script type=\"text\/javascript\">\n\t\t\t(function($){\n\t\t\t\t$alap_slider_autoplay_set = false;\n\n    $('.kc-elm.kc-css-563190 .slider-owl').owlCarousel({\n        loop:true,\n        smartSpeed: 2500,\n        animateOut: 'fadeOut',\n        autoplay: $alap_slider_autoplay_set,\n        navText:['<i class=\"fa fa-angle-left\"><\/i>','<i class=\"fa fa-angle-right\"><\/i>'],\n        responsive:{\n            0:{\n                items:1,\n                autoplay: false\n            },\n            768:{\n                items:1\n            },\n            1000:{\n                items:1\n            }\n        }\n    });\n\n\n\t\t\t})(jQuery);\n\t\t<\/script>\n\t\t<\/div><\/div><\/div><\/div><\/section><section class=\"kc-elm kc-css-507179 kc_row\"><div class=\"kc-row-container  kc-container\"><div class=\"kc-wrap-columns\"><div class=\"kc-elm kc-css-34110 kc_col-sm-12 kc_column kc_col-sm-12\"><div class=\"kc-col-container\"><div class=\"kc-elm kc-css-685847\" style=\"height: 70px; clear: both; width:100%;\"><\/div><\/div><\/div><\/div><\/div><\/section><section class=\"kc-elm kc-css-467339 kc_row\"><div class=\"kc-row-container  kc-container\"><div class=\"kc-wrap-columns\"><div class=\"kc-elm kc-css-73118 kc_col-sm-12 kc_column kc_col-sm-12\"><div class=\"kc-col-container\">\n<div class=\"kc-elm kc-css-319853 kc-title-wrap \">\n\n\t<h4 class=\"kc_title\">Willkommen in der Leopold Kohr Akademie!<\/h4>\n<\/div>\n<\/div><\/div><\/div><\/div><\/section><section class=\"kc-elm kc-css-769280 kc_row\"><div class=\"kc-row-container  kc-container\"><div class=\"kc-wrap-columns\"><div class=\"kc-elm kc-css-661538 kc_col-sm-12 kc_column kc_col-sm-12\"><div class=\"kc-col-container\"><div class=\"kc-elm kc-css-254201 kc_text_block\"><\/p>\n<p><span style=\"font-style: inherit;\">F\u00fchlt sich nicht jeder von uns unwohl bei den t\u00e4glich kolportierten Berichten \u00fcber Gr\u00f6\u00dfenwahn, Kontrollsucht, Terrorangst und Gier? Kleinr\u00e4umige, intakte Gemeinwesen steuern dagegen. Gewaltfrei!<\/span><\/p>\n<p>Kohr sagte einmal anl\u00e4sslich eines Vortrags: &#8222;Anarchisten, die Leute umbringen sind nicht mehr als Lustm\u00f6rder&#8220;. Gleichwohl fordert er Widerstand gegen staatliche Kontroll- und Regelwut. Mit Ideen statt mit Gewalt. Nach dem &#8222;gro\u00dfen Knall&#8220; des 2008 geplatzten Finanzmarktes, fliegen uns seine Tr\u00fcmmer bis heute um die Ohren.<br \/>Das befeuert die Sehnsucht der Menschen nach Wandel. Ihn will die Leopold Kohr Akademie begleiten. Dazu moderiert sie ideologiefreie Denkr\u00e4ume, in denen alle MitgestalterInnen unserer Gesellschaft willkommen sind. Egal aus welcher Ecke sie kommen. Trennendes kann, angereichert mit Kohrs Philosophie, zu einem gemeinsamen Ziel f\u00fchren.<\/p>\n<p>Schon heute ver\u00e4ndert Kohr durch ein robustes Netzwerk Gleichgesinnter das Entscheidungsklima in so mancher europ\u00e4ischen Region. <br \/>Das macht Hoffnung &#8230;<\/p>\n<p>\n<\/div><\/div><\/div><\/div><\/div><\/section><section class=\"kc-elm kc-css-49858 kc_row\"><div class=\"kc-row-container  kc-container\"><div class=\"kc-wrap-columns\"><div class=\"kc-elm kc-css-290617 kc_col-sm-12 kc_column kc_col-sm-12\"><div class=\"kc-col-container\"><div class=\"kc-elm kc-css-16675\" style=\"height: 100px; clear: both; width:100%;\"><\/div><\/div><\/div><\/div><\/div><\/section><\/p>\n","protected":false},"excerpt":{"rendered":"","protected":false},"author":5,"featured_media":0,"parent":0,"menu_order":0,"comment_status":"closed","ping_status":"closed","template":"page-full-width.php","meta":{"footnotes":""},"class_list":["post-273","page","type-page","status-publish","hentry"],"_links":{"self":[{"href":"https:\/\/www.tauriska.at\/kohr\/wp-json\/wp\/v2\/pages\/273"}],"collection":[{"href":"https:\/\/www.tauriska.at\/kohr\/wp-json\/wp\/v2\/pages"}],"about":[{"href":"https:\/\/www.tauriska.at\/kohr\/wp-json\/wp\/v2\/types\/page"}],"author":[{"embeddable":true,"href":"https:\/\/www.tauriska.at\/kohr\/wp-json\/wp\/v2\/users\/5"}],"replies":[{"embeddable":true,"href":"https:\/\/www.tauriska.at\/kohr\/wp-json\/wp\/v2\/comments?post=273"}],"version-history":[{"count":21,"href":"https:\/\/www.tauriska.at\/kohr\/wp-json\/wp\/v2\/pages\/273\/revisions"}],"predecessor-version":[{"id":520,"href":"https:\/\/www.tauriska.at\/kohr\/wp-json\/wp\/v2\/pages\/273\/revisions\/520"}],"wp:attachment":[{"href":"https:\/\/www.tauriska.at\/kohr\/wp-json\/wp\/v2\/media?parent=273"}],"curies":[{"name":"wp","href":"https:\/\/api.w.org\/{rel}","templated":true}]}}